-8) + 1?
-5
Calculate -2 - (-15 - (-28 - -10)) - 19.
-24
Calculate -30 - (-37 - -13 - -9).
-15
What is 9 - (-10 - (-18 - 6))?
-5
(-1 - -9 - 10) + (-8 - 2)
-12
-12 - (-14 - 1 - -5)
-2
Calculate (-14 - 0) + 0 + -208 + 199.
-23
Calculate 3 + -22 + -13 + 22.
-10
Evaluate 6 + (-5 + 1 - (-31 + 28)).
5
What is 1 + 0 + 6 + 372 + -348?
31
What is 0 + (2 - 2) + 16 + 5 + -20?
1
Calculate 65 - 34 - (34 + -25).
22
(-164 - -147) + 0 + 3 + 1
-13
What is the value of (4 - (19 + -20)) + -12?
-7
Calculate 15 - (13 - (6 - 7)).
1
Evaluate -55 - (-21 - -41 - 36).
-39
(10 - 2) + 3 + 10 + -22 + 3
2
What is -5 - (-3 + 8 + -3 + 4)?
-11
4 - (-3 + 15) - 5 - (7 - 0)
-20
What is 2 - (0 - 5 - (-19 - (-18 - -2)))?
4
What is the value of 1 + 10 + (-89 - -94)?
16
Calculate 81 + (-37 - 7) - 73.
-36
What is the value of 10 + -5 + (0 - 0) - -7?
12
Evaluate 1 + (18 - (51 + -17)).
-15
What is the value of 6 + 3 + -4 - -3?
8
Evaluate (9 - 6) + -1 + 0 + 0 - 11.
-9
What is 3 + (-21 - 1) + 229 + -247?
-37
Evaluate (42 + 4 - (-12 + 21)) + -11.
26
Calculate -18 - -37 - 9 - (0 - -16).
-6
-8 - (1 - 8 - 7)
6
Calculate (8 - 2) + -2 + (-6 - -9).
7
What is the value of -9 - (-11 + 7) - (-23 - -5 - 5)?
18
What is (-3 + (-1 - -10) - (-15 + 3)) + -4?
14
What is (-11 - (-14 + 6) - 18) + 10?
-11
Calculate (1 - 6) + (-66 - -55 - -6).
-10
What is the value of -15 + (27 - 10) + -9 + -14?
-21
Evaluate -3 + (10 - 20) - (1 - 1).
-13
What is 7 - ((2 - -2) + (59 - 66) + 7)?
3
Evaluate -3 + (-20 - -13) + (-5 - (-4 + 2)).
-13
What is the value of -1 - -1 - (-9 + 3) - 13?
-7
What is the value of (-1 - (2 + -4)) + (-10 - -4) + -5?
-10
What is 0 - 9 - (233 - 231)?
-11
What is (0 + 4 - 5) + 9?
8
Evaluate -8 + (-2 - 0) - (-37 - -36).
-9
Calculate (42 + 5 - 82) + 33.
-2
What is -71 - -78 - (8 - -1)?
-2
What is 14 + -2 + -2 - ((-76 - -49) + 66)?
-29
What is -9 - (-8 + -2) - -11?
12
1 + (-1 + -6 - (4 - 7 - -4))
-7
What is (14 - (10 + (-5 - -2))) + -17?
-10
What is -7 - (-3 + 12 + (4 - 6) + -36)?
22
What is (-47 - -90) + (8 - 19)?
32
Evaluate (-9 - -10) + 1 - (2 - -29 - 3).
-26
What is the value of -1156 + 1148 - (-1 - 14)?
7
Calculate (3 - -4 - -20) + -27.
0
What is the value of (1 - -10 - 1) + (1126 - 1135)?
1
(30 - (0 + -2)) + 9 + -16
25
What is (-1 - (-11 - -11)) + 12 + (3 - 2)?
12
-15 + 11 - ((-1 - 21) + 9) - 12
-3
What is 7 + (7 - (-2 - (1 + -7)))?
10
What is (4 - 2) + (1 - (10 + -3))?
-4
Evaluate 1 + -1 - 1 - (-119 + 126).
-8
Calculate 21 - 26 - (-16 - -1).
10
Evaluate 90 + -92 + 2 + -1 + (0 - -1).
0
Calculate (-14 - 2) + (6 - (-41 - -52)).
-21
Calculate (0 - -17) + -439 + 441.
19
What is (-2 - -4) + 33 - (173 + -169)?
31
Evaluate 9 - (-27 + 38) - -6.
4
What is -1 + 1 + -5 - (-6 - (13 + -35))?
-21
Evaluate -23 - (-33 - (11 + -30)).
-9
Calculate (31 - 11) + 3 - 1.
22
Evaluate 15 + (-20 + 17 - 2).
10
Calculate -11 + -1 - (28 + -37 + 11).
-14
Evaluate 13 - (17 + (-5 - -4)).
-3
What is -55 - -50 - (-15 - -3)?
7
Calculate 9 + -7 + 17 + -12 + 11.
18
11 + (0 + (5 - 11) - 7)
-2
What is -430 - -425 - (-9 - 1)?
5
-7 - (1 - 14) - -22 - 13
15
What is the value of 21 - (8 + 28 + -1)?
-14
Evaluate 2 - 3 - (-3 - 9).
11
What is the value of (12 - (5 - 6)) + (96 - 100)?
9
What is 8 + (-14 - -2 - -9) + -9?
-4
Evaluate (44 - 19) + 9 + -25.
9
Evaluate 1 + -17 + 18 + (-11 - 1).
-10
What is (-35 + 46 - 21) + (-13 - 3)?
-26
Evaluate (-2 + 16 - (-24 - -3)) + (1 - 9).
27
What is the value of (20 - 29) + 40 + 2 + -14?
19
Calculate -57 + 34 - -29 - 16.
-10
Evaluate -9 + 2 - (9 + -2 + -1 - 24).
11
Calculate -9 + 10 + -10 - (2 - 5).
-6
4 + (6 - 34) - (36 + -43)
-17
What is -4 - 5 - (49 + -18 - 6)?
-34
What is 2 - (-11 + 4 - -7)?
2
What is 2 + -7 + 10 + -12 - 11?
-18
What is the value of (45 - 21) + -16 - 1?
7
7 - 1 - (-9 + 10) - 2 - 22
-19
What is (-5 - (-4 - 10)) + -3 - (-4 + 17)?
-7
What is the value of 1 + (3 - 3 - 0) + 4 + -6?
-1
What is the value of (1 - 1) + 3 + -10 + (18 - -3)?
14
Evaluate (14 - 2) + -9 + 2 + -2 + -13.
-10
What is the value of -7 - ((6 - (-11 - -13)) + 16 - 8)?
-19
What is the value of 18 + (11 + -23 - -22)?
28
What is the value of -1 - (5 + -15) - (-1 + -4 + 6)?
8
What is 0 + -1 + -7 - (-2 + -18 - -14)?
-2
Evaluate -1 - (-8 - 1) - (-635 + 628).
15
Calculate (-25 - -18 - -29) + -36.
-14
-4 - (-15 - 9) - 30
-10
What is (7 - -2) + (3 + -32 - -3)?
-17
Evaluate 22 - (-2 + 3 + 38 + -16 + -26).
25
What is the value of 2 + 5 - ((-18 - 17) + 44)?
-2
Evaluate -38 - (-10 + 16 + -7 - 4).
-33
8 - 5 - (-13 + (6 - 10) - -7)
13
What is 9 + 2 + (20 - 24)?
7
Calculate (-270 - -236) + (41 - 0).
7
Evaluate (5 - 23) + 7 - -1.
-10
Calculate -1 - (-10 - (9 - 15) - (2 + 5)).
10
Calculate 102 + -93 - (-7 + (6 + -2 - 2)).
14
Evaluate -22 + (-2 + -13 - -17).
-20
Evaluate (-8 - 4) + (-83 - -109).
14
What is the value of (-44 - (-76 + 44)) + (22 - 1)?
9
Evaluate (-4 - (7 + -18)) + -1 + -13.
-7
What is -16 + 1 + -155 + 157?
-13
What is the value of 4 + -25 - -35 - 23?
-9
What is the value of -5 + -5 - (3 - 3)?
-10
Calculate 15 + -11 + (-34 + -8 - -17).
-21
What is -11 - (-6 + 5 + 5 + -2)?
-13
What is 27 + -32 + 5 + 3 - (2 + -2)?
3
Evaluate 13 + -10 + -15 + 1 - -17.
6
What is the value of (18 - 20 - 2) + 19?
15
Calculate -7 - ((-1 - 6) + (63 - 54)).
-9
What is -4 + 1 + (-10 - 0)?
-13
Calculate -139 + 136 - ((-3 - 2) + 2).
0
What is the value of 7 - ((-72 - -81) + 9 + 1)?
-12
What is -9 + 13 + -2 - (2 + -4)?
4
What is 4 + (4 - 3) - ((0 - -7) + -1)?
-1
Calculate -15 + 28 + -3 + -12.
-2
Calculate (3 - (4 - -1)) + (-4 - 2) + -7.
-15
Evaluate 2 + (0 - -2) + -14 + 11.
1
Evaluate 1 - -10 - (-28 + 1 - -36).
2
15 - (1 + -2 + (14 - 9))
11
What is the value of 6 - (-3 - 0 - (13 - 19 - 19))?
-16
0 - (-8 + 6 + 4) - -1
-1
What is (-22 - (0 - 10)) + 6?
-6
What is (23 - -38) + -67 - (-1 + -35)?
30
What is the value of 8 - (10 - 13) - (4 - 0)?
7
(-5 - -7) + 0 + 12
14
What is the value of -14 - (-4 - 11) - -3?
4
What is the value of (11 - (9 + 9)) + (0 - (1 - 1))?
-7
What is the value of 39 - (32 + (-22 - -21))?
8
Calculate -2 - ((-8 - -7 - -11 - 25) + -8).
21
19 + (-25 - 2) + -1
-9
What is 4 - (7 - (1 - -9 - 23)) - 4?
-20
What is the value of (5 - 1 - 1) + (-4 - 2)?
-3
Evaluate -2 + (13 - 5 - 4) + -3 + 0.
-1
What is (124 - 123) + 3 + 0 + 3?
7
Calculate -4 + 5 + (4 - (3 + 3 - -15)).
-16
What is 12 + 5 + -30 + 4?
-9
What is -26 - ((7 - 8) + -15)?
-10
Evaluate 10 + (9 - 17 - -4) - (3 - -23).
-20
Evaluate -94 + 92 + 22 + (-1 - -4).
23
11 - ((0 - (0 + 0)) + 6)
5
What is the value of (1 - 14) + 16 + -11 - 6?
-14
-21 + 24 + (-8 - (-3 + 1))
-3
Calculate 10 - 27 - (-9 + 9).
-17
What is -2 + (4 + (-10 - -5) - 5) + -1?
-9
(-29 - -25) + 3 + -7 + 23
15
Calculate 3 - 0 - (-34 + 25).
12
What is the value of -16 - (-26 - -17) - (5 + -2 + -19)?
9
Calculate -8 + 24 + -9 + -12.
-5
Evaluate 26 + -10 - 12 - 11.
-7
What is 21 + (0 - (18 + -9)) + 1?
13
What is the value of -16 + (9 + 9 + -23 - (7 - 3))?
-25
What is the value of (-4 + 1 - (-20 + 21)) + 37 + -11?
22
Calculate (1 - 3) + (102 - 114 - (0 + -18)).
4
Evaluate (-9 - -27 - 7) + (31 - 62).
-20
What is the value of -5 + (19 + 9 + -25 - (-5 - 2))?
5
13 + (-10 - 5) - 10
-12
What is 2 + 2 + 7 + (-10 - -11 - 5)?
7
What is -6 + (-1 + 5 - (5 + -5 + 4))?
-6
-14 - (3 - (7 - 9) - 0)
-19
What is 18 + (24 - 25 - -5)?
22
(2 + -1 - -24) + (439 - 437)
27
What is the value of -7 - (8 + 5 + -20 + 1)?
-1
(-13 - -30 - (5 + 0)) + 3
15
Evaluate 30 + -31 + -9 + (1 - -1) + 10.
2
What is the value of 2 - (-18 + 14) - -29?
35
What is the value of 32 + -2 + 349 + -381?
-2
-26 - (-13 + 18) - -17
-14
35 - (21 + (27 - -17))
-30
-1 + -20 - (-2 + 1 - 7)
-13
What is the value of -7 + 3 + 6 + -5 - (-1 - -8)?
-10
Evaluate (1 - 2) + -392 + 397.
4
What is -2 - -1 - (-33 + 17) - (3 + -8)?
20
(-32 - (13 - 10)) + 2
-33
What is -35 - (-3 - -2) - 1 - (69 - 77)?
-27
Calculate 3 - 16 - -2 - -31.
20
(1 - -2) + (9 - 22 - -18) + -5
3
(-34 - (21 - 42)) + 9
-4
-7 + (7 - 8 - -9) - -2
3
Calculate -4 + (27 - (-34 + 15)) + -9.
33
-9 - (4 - (-7 + 3)) - 11
-28
Evaluate -835 - -833 - ((2 - 21) + -4 + 2).
19
Calculate -20 - (22 + -13 - 15).
-14
-50 - (3 - 29) - -20
-4
What is the value of (-5 - -21) + (-26 - -4 - -30)?
24
What is 4 + -5 + -1 - (-53 - -43)?
8
What is the value of -12 - (1 - 1) - (-153 + 145)?
-4
Calculate (27 - (8 + 9)) + -2.
8
What is 7 + -7 + (6 - 2) - -6?
1